remainder when 83 is divided by 29?
25
Calculate the remainder when 1885 is divided by 73.
60
What is the remainder when 130 is divided by 46?
38
What is the remainder when 240 is divided by 84?
72
What is the remainder when 9 is divided by 4?
1
What is the remainder when 57 is divided by 25?
7
What is the remainder when 108 is divided by 43?
22
What is the remainder when 19 is divided by 2?
1
What is the remainder when 48 is divided by 17?
14
Calculate the remainder when 950 is divided by 191.
186
Calculate the remainder when 732 is divided by 351.
30
Calculate the remainder when 469 is divided by 24.
13
Calculate the remainder when 5111 is divided by 18.
17
Calculate the remainder when 1049 is divided by 105.
104
Calculate the remainder when 342 is divided by 23.
20
Calculate the remainder when 14502 is divided by 49.
47
What is the remainder when 152 is divided by 12?
8
Calculate the remainder when 1367 is divided by 88.
47
What is the remainder when 58 is divided by 18?
4
What is the remainder when 45 is divided by 20?
5
Calculate the remainder when 10947 is divided by 34.
33
Calculate the remainder when 406 is divided by 155.
96
What is the remainder when 217 is divided by 48?
25
Calculate the remainder when 236 is divided by 20.
16
What is the remainder when 55 is divided by 12?
7
What is the remainder when 741 is divided by 23?
5
Calculate the remainder when 670 is divided by 110.
10
Calculate the remainder when 95 is divided by 45.
5
What is the remainder when 1446 is divided by 53?
15
What is the remainder when 129 is divided by 26?
25
What is the remainder when 108 is divided by 19?
13
Calculate the remainder when 551 is divided by 334.
217
What is the remainder when 2015 is divided by 112?
111
Calculate the remainder when 94 is divided by 31.
1
What is the remainder when 188 is divided by 52?
32
What is the remainder when 303 is divided by 123?
57
Calculate the remainder when 805 is divided by 27.
22
What is the remainder when 118 is divided by 12?
10
What is the remainder when 1220 is divided by 210?
170
Calculate the remainder when 1898 is divided by 106.
96
Calculate the remainder when 168 is divided by 22.
14
What is the remainder when 117 is divided by 15?
12
What is the remainder when 34 is divided by 12?
10
Calculate the remainder when 1933 is divided by 384.
13
What is the remainder when 900 is divided by 129?
126
Calculate the remainder when 58 is divided by 34.
24
What is the remainder when 971 is divided by 319?
14
Calculate the remainder when 48 is divided by 30.
18
Calculate the remainder when 1565 is divided by 105.
95
Calculate the remainder when 939 is divided by 57.
27
What is the remainder when 250 is divided by 84?
82
What is the remainder when 62 is divided by 34?
28
Calculate the remainder when 5014 is divided by 17.
16
Calculate the remainder when 753 is divided by 42.
39
What is the remainder when 1881 is divided by 606?
63
What is the remainder when 5075 is divided by 1691?
2
Calculate the remainder when 666 is divided by 260.
146
What is the remainder when 161 is divided by 33?
29
What is the remainder when 3684 is divided by 97?
95
What is the remainder when 1590 is divided by 32?
22
Calculate the remainder when 29 is divided by 25.
4
What is the remainder when 282 is divided by 19?
16
What is the remainder when 968 is divided by 108?
104
Calculate the remainder when 285 is divided by 7.
5
What is the remainder when 91 is divided by 85?
6
Calculate the remainder when 781 is divided by 49.
46
Calculate the remainder when 50 is divided by 17.
16
Calculate the remainder when 37321 is divided by 33.
31
Calculate the remainder when 503 is divided by 62.
7
Calculate the remainder when 124 is divided by 58.
8
What is the remainder when 1423 is divided by 25?
23
What is the remainder when 515 is divided by 180?
155
Calculate the remainder when 1325 is divided by 166.
163
What is the remainder when 48 is divided by 15?
3
Calculate the remainder when 348 is divided by 16.
12
What is the remainder when 172 is divided by 64?
44
Calculate the remainder when 52 is divided by 42.
10
What is the remainder when 394 is divided by 24?
10
What is the remainder when 15938 is divided by 69?
68
What is the remainder when 127 is divided by 10?
7
What is the remainder when 20 is divided by 10?
0
Calculate the remainder when 1386 is divided by 457.
15
What is the remainder when 74 is divided by 74?
0
What is the remainder when 719 is divided by 103?
101
Calculate the remainder when 784 is divided by 30.
4
What is the remainder when 1379 is divided by 32?
3
Calculate the remainder when 301 is divided by 87.
40
Calculate the remainder when 246 is divided by 31.
29
What is the remainder when 275 is divided by 14?
9
Calculate the remainder when 34 is divided by 8.
2
Calculate the remainder when 33847 is divided by 14.
9
Calculate the remainder when 1234 is divided by 12.
10
What is the remainder when 225 is divided by 7?
1
Calculate the remainder when 5064 is divided by 34.
32
Calculate the remainder when 386 is divided by 6.
2
Calculate the remainder when 297 is divided by 57.
12
Calculate the remainder when 207 is divided by 57.
36
What is the remainder when 179 is divided by 12?
11
Calculate the remainder when 972 is divided by 26.
10
Calculate the remainder when 5636 is divided by 15.
11
Calculate the remainder when 3672 is divided by 912.
24
What is the remainder when 819 is divided by 109?
56
What is the remainder when 689 is divided by 47?
31
What is the remainder when 358 is divided by 33?
28
Calculate the remainder when 2031 is divided by 4.
3
What is the remainder when 6026 is divided by 208?
202
What is the remainder when 126 is divided by 11?
5
Calculate the remainder when 8081 is divided by 47.
44
What is the remainder when 320 is divided by 33?
23
Calculate the remainder when 461 is divided by 37.
17
What is the remainder when 7873 is divided by 101?
96
Calculate the remainder when 2278 is divided by 20.
18
Calculate the remainder when 2224 is divided by 24.
16
Calculate the remainder when 203 is divided by 102.
101
What is the remainder when 815 is divided by 34?
33
What is the remainder when 87 is divided by 32?
23
What is the remainder when 819 is divided by 166?
155
Calculate the remainder when 858 is divided by 29.
17
What is the remainder when 3977 is divided by 181?
176
Calculate the remainder when 673 is divided by 8.
1
Calculate the remainder when 636 is divided by 207.
15
Calculate the remainder when 434 is divided by 19.
16
Calculate the remainder when 305 is divided by 110.
85
What is the remainder when 3986 is divided by 21?
17
Calculate the remainder when 3474 is divided by 348.
342
Calculate the remainder when 288 is divided by 29.
27
What is the remainder when 607 is divided by 161?
124
What is the remainder when 373 is divided by 44?
21
What is the remainder when 602 is divided by 67?
66
What is the remainder when 269 is divided by 80?
29
What is the remainder when 3546 is divided by 154?
4
Calculate the remainder when 1319 is divided by 11.
10
What is the remainder when 94 is divided by 56?
38
Calculate the remainder when 3941 is divided by 73.
72
What is the remainder when 125 is divided by 41?
2
What is the remainder when 432 is divided by 79?
37
Calculate the remainder when 149 is divided by 75.
74
Calculate the remainder when 1573 is divided by 35.
33
Calculate the remainder when 2218 is divided by 12.
10
What is the remainder when 197 is divided by 67?
63
What is the remainder when 262 is divided by 46?
32
What is the remainder when 652 is divided by 322?
8
Calculate the remainder when 22 is divided by 12.
10
Calculate the remainder when 1799 is divided by 25.
24
What is the remainder when 2267 is divided by 745?
32
What is the remainder when 84 is divided by 22?
18
What is the remainder when 3277 is divided by 53?
44
Calculate the remainder when 1816 is divided by 907.
2
What is the remainder when 1193 is divided by 393?
14
What is the remainder when 751 is divided by 180?
31
What is the remainder when 39 is divided by 20?
19
Calculate the remainder when 3622 is divided by 125.
122
What is the remainder when 1062 is divided by 89?
83
What is the remainder when 1513 is divided by 400?
313
What i